 6
-5
What is the value of -5 - (9 - 19) - 14?
-9
Calculate -4 + 3 + 1 + 0.
0
What is the value of -4 + (5 - -4) + -1?
4
What is the value of -1 + (-3 - 4) + 0 + 4?
-4
What is the value of 3 + -1 + 5 - 1?
6
Calculate (15 + -13 - (1 - -7)) + 4.
-2
What is the value of (-2 - -1) + -1 + 1?
-1
Calculate -2 - -6 - (8 + (-1 - 4)).
1
What is the value of -3 + (-1 + (5 - 2) - 1)?
-2
What is the value of 5 - ((1 - 2) + -3 - -4)?
5
What is 9 + -5 + -6 + 5?
3
What is (7 - 4 - 2) + -6?
-5
What is the value of -1 + (-1 + 4 - (1 + -3))?
4
What is 2 - 0 - 7 - (20 - 23)?
-2
What is (-2 - -1) + 2 + -1 + 1?
1
-2 - (3 - 2 - -2)
-5
Evaluate -111 + 109 + (7 - 1).
4
Evaluate -4 - 2 - -6 - -5.
5
What is the value of -3 + (-3 - -2) - (-7 + 1)?
2
-54 + 54 + (2 - -3)
5
(3 - 7) + 5 + 3
4
Calculate -1 + (3 - 12) - -6.
-4
What is 3 + (4 - 2) + -3?
2
(2 - ((1 - 2) + 3)) + 4
4
What is -6 + -6 - (-4 + -3)?
-5
Evaluate (-2 - (-10 + 3)) + -10.
-5
Evaluate -1 + 1 - (-7 + 6) - 1.
0
Calculate 0 + -11 + 3 + (-41 - -56).
7
Calculate (1 - (-3 + -5 + 4)) + -5.
0
2 + 2 + 0 + (59 - 68)
-5
Evaluate 3 + (0 - (4 - 5)).
4
What is the value of 2 + (90 - 92 - (-5 - 1))?
6
Calculate 4 + (34 - 39 - (1 + -8)).
6
2 + (-5 - (2 - (3 + -1)))
-3
Calculate -6 - -3 - -3 - -1.
1
What is the value of 0 - (-5 + 6 + -3)?
2
Calculate -4 + 5 - (4 + 1) - 2.
-6
What is (1 - 4) + (1 - (-4 + 5))?
-3
What is the value of -4 + (5 - (-2 + -1)) - 2?
2
Calculate -146 - -157 - (5 - (-1 - -1)).
6
What is the value of (-4 + 2 - 3) + 0?
-5
Calculate -5 - (-6 - -9 - 11).
3
Calculate (2 - 1 - -2) + -3 - -1.
1
Calculate 11 - (-6 + 5 + 7).
5
Evaluate (-7 - 0) + 10 + -7.
-4
Calculate 2 - 5 - -3 - -2.
2
1 + -7 - (-7 - -3)
-2
Calculate 2 + -1 + 2 + 2 + -6.
-1
Calculate (-4 - -2) + (-1 - -1) - -2.
0
14 + (-8 - -2) + 0
8
What is the value of (-41 - -30) + -1 + 7?
-5
What is the value of 6 + 5 + (-12 - 5)?
-6
4 - -1 - (11 + -2)
-4
Calculate 1 + 4 - (-2 + (5 - 0)).
2
Calculate 3 - 1 - (-5 + (1 - -1)).
5
What is the value of (-2 - -14) + (-40 - -33)?
5
What is the value of -5 + (-1 - -5) - -1 - 4?
-4
0 - (-3 - -7) - -3 - 0
-1
Evaluate (9 - 5 - 9) + 10 - 1.
4
What is 3 - (-3 + 2 + (7 - 6))?
3
Calculate (-4 - -9) + -6 + -4.
-5
(3 + -10 - -1) + 1
-5
What is the value of 12 - (-4 - (-25 - -6))?
-3
What is 0 - (-4 + 1) - (10 - 4)?
-3
What is the value of 3 + 0 + (-1 + 2 - 5)?
-1
What is -4 - -1 - (1 - 2)?
-2
What is (4 - (13 + -3)) + 9?
3
Evaluate -1 + -14 + 6 - (1 - 5).
-5
Evaluate 1 + (1 - 5) - (4 - 4).
-3
What is the value of (-1 - (12 - 6)) + (0 - -3)?
-4
(-3 - 3 - -6) + 2 - -5
7
Calculate 4 - (-10 - (-28 - -12)).
-2
(1 - 2 - 0 - -1) + 5
5
(-4 - (-5 + 3)) + 1 + 2
1
What is -3 + -7 + -6 - (-5 + -2)?
-9
2 + (-4 - 0 - 1)
-3
What is (3 + 1 - 4) + -4?
-4
Evaluate 0 + 4 + (-1 - 2).
1
-1 + -4 + 9 + 1
5
Evaluate 2 + -2 - (2 + -1 + 0).
-1
What is 4 + -6 + 7 + -11?
-6
Calculate 2 + 0 + (7 - 6 - 0).
3
What is 9 - (13 + 0) - (-2 - 7)?
5
What is the value of -5 + (-1 + (1 - -2) - 1)?
-4
Calculate 13 + (-23 - -4) + 8.
2
(-3 - (-6 - -4)) + 6 + -3
2
What is the value of -5 + 13 - (0 + 0)?
8
What is -2 + -1 + -33 + 32?
-4
(5 + -6 - 0) + 4
3
What is the value of 0 + -2 + (-4 - (-9 + 4))?
-1
What is the value of -7 + 0 - -6 - (-3 - 2)?
4
What is the value of 0 + 0 + -3 - -4?
1
Calculate (2 - -8) + (-13 - -12 - -1).
10
Evaluate -3 + -1 + 3 + -15 + 10.
-6
(3 - 0) + -9 + 21 + -9
6
Calculate -2 + 4 + -3 + -9.
-10
What is 3 - (-3 + 20) - -11?
-3
What is the value of (19 - 31 - -13) + -9 + 0?
-8
What is (1 - ((-2 - 0) + -3)) + -11?
-5
What is -8 - (5 + -3 + -4)?
-6
-1 + 1 - 3 - (-3 - -2)
-2
0 - 3 - (1 - 4)
0
Evaluate 13 + -4 + -13 + (4 - 0).
0
-2 - 5 - 0 - -3 - -8
4
What is 8 - (-1 - (-4 - 1)) - 5?
-1
What is 6 - 12 - -8 - 6?
-4
0 - -7 - (12 + -2 - 8)
5
What is (-3 + 0 - -6) + -2?
1
Calculate 13 + -11 + 0 + 1 - 4.
-1
Evaluate (0 - -6) + (-1 - -2) + -3.
4
Evaluate 6 + -2 + (5 - 6) + -1.
2
Calculate (0 - 2) + 5 + (4 - 5).
2
What is 6 + -1 + (-7 - -3) + -7?
-6
49 + -37 + (-2 - 4)
6
What is (-2 - -1) + -1 + 3 + -1?
0
2 + 6 + -3 - 4
1
What is -3 + 3 + -4 - -10?
6
Evaluate 6 + (-5 + -8 - 1).
-8
-1 + (0 + 3 - 5)
-3
Calculate 0 + 0 + -9 + 4 - -10.
5
6 + (1 - (-2 + 9))
0
-3 - (1 + -3 + 8 - 16)
7
What is the value of (2 - 7 - 0) + -1?
-6
Evaluate (-5 + -1 - 4) + 16.
6
Calculate -5 + (-13 - -5 - -2) + 9.
-2
What is the value of -2 - -7 - (5 + -4) - 8?
-4
Evaluate -2 + -5 + 5 + (-3 - -2).
-3
Evaluate (-4 - 2 - -2) + -3 - -5.
-2
What is the value of (9 - 10) + -7 - 1?
-9
What is 6 - (6 + (-3 - -2))?
1
-2 + 9 + -11 + 4
0
What is the value of 4 + (8 + -5 - (8 - -2))?
-3
Evaluate 0 + 0 + 12 + -14.
-2
Calculate (2 - 10) + 2 + 6.
0
What is the value of -3 - (2 + -2 + -2 + 4)?
-5
-3 - (-3 - (5 + -3))
2
Calculate 10 - (5 + 4) - (2 + 1).
-2
What is 4 + -9 + 4 + 2 - -3?
4
Calculate 16 - (-1 - -17 - (50 - 42)).
8
What is -8 - (-2 - -1) - (4 + -7)?
-4
Evaluate -1 - -3 - ((2 - -2) + 0).
-2
Evaluate (0 - -5) + 0 + -2.
3
Calculate (-4 - -4) + 1 + 1.
2
Calculate (-2 + -6 - 0) + 9.
1
What is 5 - (5 + 7 + -7 + 0)?
0
-7 + (4 - (-7 + 9))
-5
What is the value of -9 + -1 + 8 + -1?
-3
Calculate 1 + (-4 - (-4 + -4)).
5
What is the value of -7 - (5 + -6 + -4)?
-2
-3 + 5 + 2 - 5
-1
What is -7 + 12 + 1 + (-4 - 3)?
-1
What is the value of -8 + (4 - (-5 + 1)) + -3?
-3
Evaluate -7 + 7 + -12 + 20.
8
What is the value of (26 - (-4 - -12)) + -9?
9
-1 - 1 - (2 - 4)
0
What is -3 + (-25 - -23) + (4 - 1)?
-2
11 - (4 - (-10 + 5))
2
Evaluate -2 - 1 - (1 + 0 + -2).
-2
What is (6 - 2) + -5 + -3?
-4
Evaluate -1 + (1 - -1) + (-12 - -9).
-2
Evaluate 2 + (1 - (1 - -2)) - -5.
5
Calculate (2 - 2) + (-11 - (-6 - 1)).
-4
What is 0 + (5 - 3) - (0 - 0)?
2
Calculate 0 - (4 + 4 + 3 + -10).
-1
Evaluate (19 - (9 - 3)) + -5 - 6.
2
3 + 6 + -5 + -4 + 1
1
Calculate 8 - (3 + -7 - (-3 + -3)).
6
-16 + 15 + 5 + -3
1
Evaluate -4 + (0 - 4 - -13).
5
What is 2 - (-2 + 6 + 4)?
-6
What is 1 + 3 + 0 + (4 - 11)?
-3
Calculate 7 + (2 - 6 - 10).
-7
-54 + 52 + 2 + 0
0
Evaluate 16 - 17 - (-4 - -1).
2
Evaluate (-6 - -7) + (3 - 10).
-6
Evaluate 7 + -10 - (0 - 2 - -5).
-6
Evaluate -2 + (2 + -1 + 2 - -1).
2
What is (4 - 0 - 4 - 3) + 1?
-2
What is the value of 18 + -10 + -1 - 2?
5
What is the value of 0 - 1 - (20 - 25)?
4
What is 0 + -5 + 0 - -12?
7
Calculate (-2 - -7 - (-3 + 11)) + 3.
0
Calculate -3 - 3 - (26 - 28).
-4
What is (5 - (4 - 5)) + -11?
-5
What is the value of 0 + 3 + -14 + 6?
-5
Calculate 0 + (4 - 3) + 3.
4
What is the value of (3 - (-4 - -11)) + 6 - 0?
2
What is 3 - 5 - 3 - (8 - 11)?
-2
-30 + 32 - (-4 + 1)
5
Evaluate 5 + 0 + -7 - -4.
2
What is 7 - 7 - -10 - (0 + 7)?
3
Calculate 3 + 1 - (9 + -3) - -7.
5
What is the value of (-10 + 7 - 0) + 3?
0
Calculate -29 + 24 + 2 + (1 - 1).
-3
Calculate 11 - (-2 - (-4 + -5)).
4
4 + (1 - (5 + (2 - 3)))
1
What is the value of 1 + (-1 - (6 + (-2 - 1)))?
-3
What is the value of -1 - -1 - ((-1 - -1) + -4)?
4
Calculate 2 + (-1 - 4 - -2).
-1
6 + -1 + (5 - 9 - 6)
-5
What is the value of -11 + 5 + (4 - -2) + 3?
3
14 - (6 + (-1 - -2))
7
What is the value of -2 + 1 + -3 + 2 + -3?
-5
What is (2 - (4 - (5 + -3))) + 2?
2
What is 0 + -6 + (14 - -1)?
9
-3 + 10 + (-8 - (1 - 6))
4
4 - (-9 - -5) - 3
5
-2 + (10 + -2 - (-2 - -4))
4
What is the value of -11 - (1 - (-2 - -9))?
-5
Calculate 0 + 7 + -6 + (2 - 2).
1
1 + 3 + -7 + 3
0
-1 - 2 - -4 - -3
4
Evaluate 9 + (-1 - -1) + -3 + -2.
4
4 - 0 - (0 - 0 - 0)
4
Evaluate -1 - 1 - (-1 + -9 + 7).
1
Evaluate 1 - (-3 + -7 + 3 + 4).
4
What is the value of -4 + (-2 - -11) + -10 + 6?
1
What is 0 - (0 + -9 + -14 + 18)?
5
What is the value of 5 + -5 + 3 + 1?
4
Calculate -1 + -5 + 10 + -6.
-2
Evaluate -2 + -3 - (-4 - (-1 + 0)).
-2
What is 4 - (-12 - -14) - (-1 + -3)?
6
What is the value of 5 - (-37 + 51 - (1 - -7))?
-1
What is the value of -12 - (-32 + 8 + 6)?
6
Calculate -2 - 1 - (-3 + (-9 - -11)).
-2
What is 3 + 5 + -3 + -7 + 0?
-2
Calculate -6 + 3 + (6 - 3) - -4.
4
Evaluate (-1 - 4 - -5) + 7.
7
Calculate 12 + -15 + 17 + -6.
8
Evaluate (1 - (14 - 6)) + 2.
-5
Calculate 2 + (-14 - -1) + 30 + -23.
-4
0 - (-2 + 6 + (1 - 2))
-3
-3 - (0 - -1 - -2)
-6
(22 - 28) + (14 - 2)
6
Evaluate 0 + (4 - 2) + -5.
-3
Calculate 1 + (-2 - (-2 + 4)).
-3
0 - (0 + -6 - -2 - -4)
0
What is the value of -34 + 31 - ((1 - 2) + -2)?
0
-9 + 2 + 3 + -1
-5
What is -3 + 13 + 1 - (-8 - -15)?
4
Calculate 6 + -3 + -1 -